a = -h + 41, 0 = -10*h + 6*h + a + 122. Calculate the remainder when 91 is divided by h.
29
Suppose 0*n + 3*n - 18 = 0. Suppose -3*d = n, 0*m + 3*m - d = 230. Suppose 4*a - 3*x - m = 0, a + 4*x = -0*x. Calculate the remainder when 29 is divided by a.
13
Let f(q) = 465*q**2 + 11*q + 12. Calculate the remainder when f(-1) is divided by 59.
53
Suppose -99 = -3*f + 3*k, 0 = 3*f - 4*f - 4*k + 58. Let q(y) = 2*y**2 - 12*y + 10. What is the remainder when f is divided by q(6)?
8
Suppose 11*l - 6*l + 450 = 0. Let x be (-3)/(3 - l/(-32)). Let u = -11 - x. What is the remainder when 14 is divided by u?
4
Let r = 7 - 13. Let f be (-78)/(-9) - (-4)/r. Let d = 12 - f. What is the remainder when 14 is divided by d?
2
Let l(i) = -i**3 + 3*i**2 + 5*i. Let s be l(4). Suppose 0 = o + s, 4 = -2*y - 0*y + 4*o. Let g = 22 + y. What is the remainder when 45 is divided by g?
9
Let w = 2408 + 144. What is the remainder when w is divided by 35?
32
Let a = -101 + 145. Suppose -15*h - 1305 = -20*h. What is the remainder when h is divided by a?
41
Let n = 21 + -11. Suppose 0 = 17*k - 11*k - 54. Calculate the remainder when (-16)/n*(-9 + -1) is divided by k.
7
Let r(k) = -2*k**2 + 8*k + 1. Let u(h) = 6*h**2 - 23*h - 3. Let i(x) = 17*r(x) + 6*u(x). What is the remainder when i(3) is divided by (9/(-15))/(1/(-5))?
2
Let g be 5/10 - (-7)/2. Suppose 3*p - 57 = 3*m, 2*p + 4*m - 4 - g = 0. Let c = p + -5. What is the remainder when 34 is divided by c?
7
Let r = -214 + 231. What is the remainder when 48 is divided by r?
14
Let i be ((-11)/(-4))/(1/4). Let f = i + -6. What is the remainder when 16 + (-30)/20*(-4 - (-10)/3) is divided by f?
2
Let q(r) be the first derivative of -8*r**2 + 11*r + 23. What is the remainder when q(-4) is divided by 20?
15
What is the remainder when 149 is divided by 27 + (6 - -6)/(-6)?
24
Calculate the remainder when 25 is divided by 286/(-33)*(-9)/6.
12
Suppose 390 + 58 = 4*d. What is the remainder when d is divided by 29?
25
What is the remainder when 104 is divided by (-38)/(-8) - 19/(-76)?
4
Suppose 27*i - 81*i = -4698. What is the remainder when i is divided by 8?
7
Suppose -2*g + 23 = -5*c, 4*g + 4*c = 3 + 1. Suppose -4*m - 3*h = -78, -m + g*m = 3*h + 69. Calculate the remainder when 61 is divided by m.
19
Let b be 12/(-16) + (-22)/(-8). Suppose -u - 2 = -4*m, 3*u + 3 = b*u + 5*m. Let k = 12 + u. What is the remainder when 41 is divided by k?
13
Suppose 0 = 5*c - 790 + 755. What is the remainder when 20 is divided by c?
6
Suppose -30*s + 4214 - 194 = 0. Calculate the remainder when s is divided by 24.
14
Let o(c) = c**3 + 13*c**2 - 12. Calculate the remainder when o(-8) is divided by 78.
74
Let b(c) = c + 1. Let o be b(4). Suppose q - 12 = 2*y, -2*y = o*q + y + 5. Calculate the remainder when 0 + (-2 - -1) - -4 is divided by q.
1
Suppose 8*v = -9 + 57. Suppose -47 = -2*r + 23. Calculate the remainder when r is divided by v.
5
Let x(k) = 6*k**2 + 35*k + 70. What is the remainder when x(-8) is divided by 7?
6
Suppose 0 = 4*o + 2 - 34. Calculate the remainder when o/8*(15 + 4) is divided by 15.
4
Suppose 1 = -l, 2*t = -8*l + 4*l + 48. What is the remainder when 750 is divided by t?
22
Let h(k) = 29*k + 1129. Calculate the remainder when 311 is divided by h(-38).
14
Let r = -42 + 25. Let l = r - -41. Calculate the remainder when 0 - ((-29)/3 - -5)*15 is divided by l.
22
Let f(t) be the third derivative of -t**6/120 - t**5/30 - t**4/12 + t**3/2 + t**2. Suppose -y + 24 = -7*y. What is the remainder when f(y) is divided by 15?
13
Let r = 29 - 11. Suppose -4*x + 66 - r = 0. What is the remainder when 94 is divided by 32 - 0*4/x?
30
Let w(u) = -1. Let f(l) = 12*l - 15. Let b(k) = -f(k) + 4*w(k). Let x be b(-15). Suppose -6*n + x = -13. What is the remainder when 101 is divided by n?
33
Let b(a) = -a + 6. Let l be b(4). Suppose 0 = l*c - 1 - 43. Let o = 29 - 21. Calculate the remainder when c is divided by o.
6
Let k(u) = -u**3 - 9*u**2 + 7*u - 20. Let a be k(-10). Let h(z) = -2*z**2 + 23*z + 3. Calculate the remainder when h(a) is divided by 9.
6
Suppose 0 = 534*t - 523*t - 264. Calculate the remainder when 813 is divided by t.
21
Let z(v) = -12*v + 284. Calculate the remainder when z(-10) is divided by 9.
8
Suppose -47*k + 836 = -43*k. What is the remainder when k is divided by 71?
67
Let b be 1 - (8/(-6) - (-348)/(-9)). Let p = -20 + b. Calculate the remainder when 36 is divided by p.
15
Let p(u) = -u**2 + 59*u - 151. What is the remainder when p(53) is divided by 86?
81
Let h = 261 - 225. What is the remainder when h is divided by 16?
4
Suppose 652 - 1654 = -167*f. What is the remainder when f is divided by 1/(1*2/8)?
2
Let b(w) = 51*w**2 + 2. Let d be b(2). Let s = d + -24. Calculate the remainder when s is divided by 31.
27
Let c = 18 + -11. Let n = 13 - c. Calculate the remainder when 16 is divided by n.
4
Suppose j - 2*j + 25 = 0. Let b = j + -11. Let m = -49 - -103. What is the remainder when m is divided by b?
12
Suppose -d = -2*a - 66, 0 = -5*a - 6 + 1. Calculate the remainder when 144 is divided by d.
16
Suppose v = -5, -4*y - 2*v - 1 = 1. Suppose 2*m - y*o = 278, -5*m - o - 30 = -713. What is the remainder when m is divided by 47?
43
Let a(q) = q**2 + 13*q - 14. Let d be a(-14). Suppose d = -j + 5*z - 3*z + 67, -4*j = -4*z - 284. Calculate the remainder when j is divided by 19.
18
Suppose -4*h - 3*v - 105 = 0, -5*h = -v + 4*v + 132. What is the remainder when 71 is divided by (-1 - 6/(-10))/(h/810)?
11
Suppose -4*k = -6 - 294. Let g = k + 7. Calculate the remainder when g is divided by 17.
14
Suppose -5*p + p = 0. Suppose p = -2*j - 1 - 17. Let a = 26 + j. Calculate the remainder when a is divided by 10.
7
Let x(p) = 238*p + 2862. Suppose 5*c - 1 = 3*d - 3, 2*c = -4*d + 46. Calculate the remainder when d is divided by x(-12).
3
Let s(w) = 671*w**2 + w. Let d be s(1). Suppose -84 = 4*o + 4*h - d, 440 = 3*o + 2*h. What is the remainder when o is divided by 37?
35
Let j(p) = 3*p + 46. Let h be j(-14). Suppose 57 = -m + 4*o, -2*m - 4*o = 25 + 41. What is the remainder when -4 - (m/1 + h) is divided by 17?
16
Let f(k) = -23*k - 146. What is the remainder when 80 is divided by f(-7)?
5
Suppose -4*r + 73 = 61. Suppose -a + 4*c - 10 = 0, -2 = r*a - 4*c - 4. Let o(z) = -z + 16. Calculate the remainder when o(0) is divided by a.
4
Let u be 5/(-20) + 189/(-12). Let q = u - -21. Suppose -4*w = -2*f - 20 - 8, 3*w = q*f + 35. What is the remainder when 7 is divided by w?
2
Let a(t) = -t**3 - 3*t**2 + 7*t + 3. Suppose 3*f - 3*x = -24, 2*f - 4*x + 24 - 2 = 0. Calculate the remainder when a(f) is divided by (-20)/30*-1*15.
8
Let j(u) = 5*u + 4. Suppose -5*f + 204 = 2*i, 9*i + 492 = 13*i - 4*f. What is the remainder when i is divided by j(4)?
21
Suppose -3*c + 11 = -19. Calculate the remainder when 7 is divided by c/(-20)*1*-10.
2
Calculate the remainder when 2/4*(66/11 + 138) is divided by 39.
33
Let k(y) = -10*y - 13. Let o(s) = -4*s + 14. Let l be o(5). What is the remainder when k(l) is divided by 12?
11
Let r(w) = 18*w + 47. Let i(p) = 9*p + 24. Let u(s) = -5*i(s) + 3*r(s). What is the remainder when u(5) is divided by 17?
15
Suppose -19 = -3*h + 4*r, h + 5*r - 33 - 5 = 0. Let l = -45 + 7. Let s = -1 - l. Calculate the remainder when s is divided by h.
11
What is the remainder when -3 + (19 - 35/(-7)) is divided by 13?
8
Let g(w) = w**3 + 17*w**2 + 22*w + 3. Let i(a) = -a**3 - 10*a**2 + 12*a - 4. Let f be i(-11). What is the remainder when g(f) is divided by 31?
30
Suppose -a = -70 + 48. Suppose 2*i - 24 = -2*i. What is the remainder when a is divided by i?
4
Suppose -4*f + 24 = -4. Suppose 2*y = -f*y + 36. Let l = 5 + 5. Calculate the remainder when l is divided by y.
2
Suppose -5*a - 5*k = -50, 9 = 2*a + k - 15. Calculate the remainder when a is divided by 9.
5
Suppose -40*z - 4*z = -5500. Calculate the remainder when z is divided by 44.
37
Let a = 117 - 108. Calculate the remainder when 35 is divided by a.
8
Let x(g) = -67*g**3 + g**2 + g - 2. Let f(q) = -269*q**3 + 4*q**2 + 4*q - 9. Let p(u) = -2*f(u) + 9*x(u). What is the remainder when p(-1) is divided by 17?
14
What is the remainder when (-3 + (-544)/(-6))/(1/3) is divided by 67?
62
Suppose -50*h - 27782 = -312*h - 7608. Let c(j) = -j**2 - 8*j - 2. What is the remainder when h is divided by c(